e 2*k + 42 = f*k - 5*g, 278 = 4*k + 2*g. Let z = k + -39. Calculate the remainder when z is divided by 10.
8
Let m(z) = z**2 - 5*z - 9. Let w = -71 + 130. What is the remainder when w is divided by m(8)?
14
Let o(d) = 2*d + 1. Let k = 36 + -12. What is the remainder when k is divided by o(6)?
11
Let g be 1 + 2/(-4)*-2. Let n(x) = x**3 + 6*x**2 + 3*x - 2. Calculate the remainder when (g/(-4))/((-1)/44) is divided by n(-5).
6
Let p be 1 + 0 - (6 - -4). Let s = 21 + p. Suppose -3*j + 102 = -0*j. Calculate the remainder when j is divided by s.
10
Calculate the remainder when 82 is divided by (-5)/3*-3 - -38.
39
Suppose 5 = -5*x - 0. Let v = 3 + x. What is the remainder when (2/6)/(5/60) is divided by v?
0
Suppose 5*t - 3*a = -a + 112, -4*t + 2*a = -88. What is the remainder when t is divided by 17?
7
Let j(z) = -z**2 + z + 18. Calculate the remainder when ((-6)/8)/(1/(-92)) is divided by j(0).
15
Suppose 0 = u - c - 13, c - 19 = -2*u - 5. Let n(i) = -i**2 + 10*i - 5. What is the remainder when 10 is divided by n(u)?
2
Suppose -5*b + 32 = 2*y - 234, 5*b = 0. Calculate the remainder when y is divided by 45.
43
Suppose 0 = 7*l - 512 - 482. What is the remainder when l is divided by 18?
16
Suppose -36 = 2*r - 4*r. What is the remainder when 52 is divided by r?
16
Calculate the remainder when 114*(-1)/(-2) + -3 is divided by 29.
25
Let u(l) = -l**3 - 13*l**2 - 2*l + 3. What is the remainder when u(-13) is divided by 16?
13
Let t(v) = v**3 + v**2 - v - 7. Calculate the remainder when 75 is divided by t(3).
23
Suppose 0 = -3*b + 89 + 73. What is the remainder when b is divided by 19?
16
Let r = -7 - -7. Suppose 0*t + 3*t + 144 = r. Let s = 68 + t. Calculate the remainder when 58 is divided by s.
18
Suppose 2*u + 4*z - 76 = 0, 4*u - 104 = -0*u + 4*z. Let o be u/8*72/27. Let r = -6 + o. What is the remainder when r is divided by 2?
0
What is the remainder when 14 is divided by (1/(-2))/(3/(-36))?
2
Let t(u) = u**3 + 7*u**2 + 5*u - 1. Let g be t(-6). Suppose -g*h - 5*z + 114 = -66, 3*z = -h + 34. Calculate the remainder when h is divided by 19.
18
Let a = 9 + 12. Calculate the remainder when 41 is divided by a.
20
Let m = 8 + -11. Calculate the remainder when 0 - (117/m - -1) is divided by 13.
12
Let n(j) = 9*j + 0*j + 8 - 2*j - j**2 - 2*j. Let l be n(6). Suppose -3*k - u - 4*u + 36 = 0, 0 = l*k - 5*u - 49. What is the remainder when k is divided by 6?
5
Let s = -7 + 19. Suppose -s*m + 36 = -8*m. Calculate the remainder when 25 is divided by m.
7
Let o = 7 - -1. What is the remainder when 30 is divided by o?
6
Let b = 13 + 34. Let u(j) = 2*j + 7. Let q be u(-6). Let g = 11 - q. Calculate the remainder when b is divided by g.
15
Suppose -7*c = -0*c - 63. Calculate the remainder when 33 is divided by c.
6
Let t(y) = 4*y**2 - 2*y - 1. Calculate the remainder when 51 is divided by t(-2).
13
Let p = -178 + 258. Suppose -5*a + p = -0*a. What is the remainder when a is divided by 6?
4
Suppose -5*h - f + 200 = 0, -2*h - 3*f + 67 = -0*f. Calculate the remainder when h is divided by 21.
20
Suppose 0 = -2*x - 3*c + 21, -x + 25 - 2 = 4*c. What is the remainder when 9 is divided by x?
0
Let u = 104 - -116. Suppose -3*p = 2*p - u. Calculate the remainder when p is divided by 15.
14
Let j(r) = -20*r - 1. What is the remainder when 153 is divided by j(-2)?
36
Let z(l) = 29 + 2*l**2 - 38 - 3*l**2 + 8*l. Calculate the remainder when 14 is divided by z(5).
2
Let a be 10/4*(-4 - -10). What is the remainder when 468/a + 2/(-10) is divided by 11?
9
Suppose 5*i + 6 - 21 = 0. Suppose -i*h - 61 = -w, 4*w - 4*h + 33 = 5*w. What is the remainder when w is divided by 17?
15
Let c be ((-3)/(-4))/(7/28). Suppose c*d + 19 = x, d - 20 = -4*d. What is the remainder when x is divided by 11?
9
Suppose -k - 3*k + 76 = 0. Let z(q) = q**3 + 4*q**2 - 3*q - 5. Calculate the remainder when k is divided by z(-4).
5
Calculate the remainder when 16 is divided by -18*2/((-12)/3).
7
Let w = 12 - 8. Suppose 5*p = w*p + 12. Calculate the remainder when 22 is divided by p.
10
Let c = -1 - -6. Suppose c*r + 0*r - 235 = 0. Calculate the remainder when r is divided by 25.
22
Suppose 0*i - 5*i = -4*j + 95, i + 3 = 0. What is the remainder when 38 is divided by j?
18
Calculate the remainder when 32 is divided by 4/14 - (-450)/42.
10
Suppose p - 3*p + 70 = 0. Suppose -4*r + 11 = -k, -r = k + 3*k + 10. What is the remainder when p is divided by (6/8)/(r/32)?
11
Let h(m) = -m**2 + 13*m + 5. Let o be h(13). Suppose -4*j = -20, -o*d - 2*j + 91 = -2*d. Calculate the remainder when d is divided by 10.
7
Suppose -2*x - 3*v = -79, -3*v + 117 = 3*x - 0*x. Calculate the remainder when x is divided by 20.
18
Let i = -56 - -80. What is the remainder when 45 is divided by i?
21
Let y(s) = -s**3 - s**2 - s + 1. Let o be y(-3). Let f = 40 - o. Let j(h) = 2*h**2 + 3. What is the remainder when j(5) is divided by f?
17
Suppose 5*g + 41 = 3*i - 30, -5*i - 4*g = -143. Suppose -n - 15 = -2*n. What is the remainder when i is divided by n?
12
Let q be -2*(-1 + -2 - -1). Suppose -q*z + 10 = -10. What is the remainder when 13 is divided by z?
3
Suppose 4*d = -z + 37, -d + 14 - 1 = 4*z. What is the remainder when d is divided by 3?
0
Suppose -16 = 3*v - 4. Calculate the remainder when 42 is divided by ((-77)/28)/(1/v).
9
Suppose -5*p + 5*v = -10*p + 200, 4*v + 120 = 4*p. Calculate the remainder when p is divided by 20.
15
Suppose 40 = -w + 5*w - 4*y, -2*y = -5*w + 38. Calculate the remainder when 16 is divided by (3 - (0 + 2))*w.
4
Suppose m = 5*l - 68 - 49, -4 = 2*m. What is the remainder when 87 is divided by l?
18
Let f = 36 - -11. What is the remainder when f is divided by 17?
13
Let f = -13 - -32. Calculate the remainder when f is divided by 10.
9
Let d = -2 - -5. Suppose -x + 1 = 4*o + 11, -o = d. Calculate the remainder when x is divided by 1.
0
Let t(r) = r**3 - 12*r**2 + 11*r + 14. Let s be (0 + 1)/((-2)/(-22)). Let j be t(s). Let l = j + 35. Calculate the remainder when l is divided by 13.
10
Suppose -j + 288 = 5*j. Calculate the remainder when j is divided by 13.
9
Let f be 0 + 0 - (-25 + 3). Suppose z = f + 39. What is the remainder when z is divided by 21?
19
Let t(x) = x. Let m be t(5). Let r(q) = -q**3 + 5*q**2 + 3*q + 6. Calculate the remainder when r(m) is divided by 11.
10
Let a = 44 + -20. Let j = -12 + a. Let l(i) = i**2 + 6*i - 5. Calculate the remainder when l(-10) is divided by j.
11
Suppose 10*q = 13*q - 18. What is the remainder when q is divided by (5/15)/((-1)/(-6))?
0
Let j(u) = u**2 - 3*u - 11. Calculate the remainder when 17 is divided by j(6).
3
Let s be 5*(-7)/(35/(-54)). Suppose -2*h + z + s = -3*z, 5*h = -4*z + 135. Calculate the remainder when h is divided by 10.
7
Let s = 10 + -4. Suppose 5*w - 3*w = -v + 45, 2*v = 2. Suppose 0 = -2*j + 4*a - 2*a + w, 4*j = -2*a + 38. What is the remainder when j is divided by s?
4
Let o = 41 + -21. Let j(f) = 1 - o*f + 46*f + 39*f - 7*f. What is the remainder when j(1) is divided by 20?
19
Suppose -12 - 6 = 2*u. Let y = u - -14. Calculate the remainder when 11 is divided by y.
1
Let h = -63 - -80. Let b = 161 + -113. What is the remainder when b is divided by h?
14
Suppose 3*h + 4 = -5. What is the remainder when 46 is divided by (4 + 1 + h)*8?
14
Suppose 3*m + 3*a = 8 + 82, 0 = 2*m - a - 51. Let b be 6*((-8)/6 - -2). Suppose b*h = m + 45. Calculate the remainder when 53 is divided by h.
17
Let u(h) = -75*h**3 - h**2 + 2*h + 3. What is the remainder when u(-1) is divided by 39?
36
Suppose 0 = -5*i + 2*g + 183, 2*i + 5*g = 2*g + 77. Calculate the remainder when 103 is divided by i.
29
Let x = 28 + -4. What is the remainder when x is divided by (26/(-4))/((-3)/6)?
11
What is the remainder when (4/(-6))/(10/(-240)) is divided by 6?
4
Let n(b) = b**3 - 2*b**2 - 4*b - 2. Let r(q) = 5*q - 2*q - 12 - q. Let c be r(8). Calculate the remainder when 40 is divided by n(c).
12
Suppose -5*i + 20 = t, 4*t + i - 61 + 19 = 0. Suppose -4*v + 55 = -53. What is the remainder when v is divided by t?
7
Let x(c) = 7*c + 1. Calculate the remainder when 37 is divided by x(1).
5
Suppose 4*o + 31 - 155 = 0. Suppose -2*f + 5 = 3*f, 5*l - 2*f - 53 = 0. What is the remainder when o is divided by l?
9
Suppose 3 = n - 0. Suppose -4*o + n*o + 44 = 0. What is the remainder when o is divided by